453
Calculate the greatest common factor of 39092 and 1432.
4
What is the highest common divisor of 5047371 and 8475?
339
What is the highest common factor of 186 and 11259944?
62
Calculate the greatest common factor of 3751271 and 153.
17
Calculate the highest common divisor of 24684558 and 150.
6
Calculate the greatest common factor of 1794 and 811122.
78
What is the highest common divisor of 2680 and 3656?
8
What is the highest common factor of 807474 and 484626?
354
What is the greatest common divisor of 348 and 2487910?
58
Calculate the highest common divisor of 928116 and 9198.
126
What is the highest common divisor of 172360 and 179180?
620
What is the greatest common divisor of 93808 and 413680?
16
Calculate the greatest common divisor of 10795 and 247690.
85
Calculate the greatest common factor of 205 and 738196841.
41
What is the greatest common factor of 4410 and 2553120?
90
What is the highest common divisor of 28 and 220317993?
7
What is the highest common factor of 15623 and 9809?
17
What is the highest common factor of 843 and 41331?
3
Calculate the greatest common factor of 10 and 19210902.
2
What is the highest common divisor of 199295 and 4830?
115
Calculate the greatest common divisor of 2574 and 745283.
11
What is the greatest common factor of 17091 and 47898?
27
What is the greatest common factor of 1240649696 and 928?
928
Calculate the highest common divisor of 795 and 59127807.
159
What is the greatest common divisor of 2921104 and 474?
158
Calculate the greatest common factor of 6776804 and 4151.
593
Calculate the highest common divisor of 136755113 and 3223.
3223
What is the greatest common divisor of 67691388 and 424?
212
Calculate the highest common factor of 13911108 and 4.
4
What is the highest common divisor of 7488 and 267566?
26
Calculate the greatest common divisor of 1460 and 1632572.
292
Calculate the highest common factor of 76180 and 4064203.
3809
What is the highest common divisor of 27514122 and 78?
6
Calculate the highest common divisor of 2560 and 9946960.
80
Calculate the highest common divisor of 59200 and 582380.
740
Calculate the highest common factor of 3454 and 8705950.
22
What is the greatest common factor of 3232 and 1380384?
32
Calculate the greatest common divisor of 2349 and 2676033.
261
Calculate the highest common factor of 480495456 and 20352.
5088
What is the highest common factor of 6810 and 992900270?
2270
What is the greatest common factor of 5033 and 340081?
7
What is the highest common factor of 1628 and 232398221?
407
Calculate the greatest common factor of 6195 and 2642325.
105
Calculate the greatest common factor of 196150480 and 160.
80
Calculate the highest common factor of 17336 and 48136.
88
What is the greatest common factor of 16165 and 915000?
305
Calculate the greatest common divisor of 47316 and 172648198.
7886
What is the highest common factor of 1658244 and 43092?
1596
What is the highest common divisor of 10706 and 7765666?
106
What is the greatest common factor of 15764 and 134?
2
What is the greatest common divisor of 1083754 and 16318?
398
What is the greatest common divisor of 34 and 223074034?
34
What is the highest common divisor of 2132468 and 2507?
23
What is the highest common divisor of 2223 and 26404209?
117
Calculate the greatest common factor of 469437 and 43102.
937
What is the greatest common factor of 1457 and 2600181?
47
Calculate the highest common divisor of 1815668 and 612.
68
What is the highest common factor of 257754 and 1734?
102
Calculate the greatest common divisor of 144 and 119866806.
18
What is the highest common divisor of 194007 and 2244?
33
What is the greatest common factor of 12 and 16992564?
12
What is the highest common divisor of 2019753 and 553214?
5219
Calculate the highest common factor of 655 and 60505.
5
Calculate the highest common divisor of 718759276 and 43.
43
Calculate the highest common divisor of 455 and 103910261.
91
Calculate the highest common factor of 440744 and 120609.
1489
What is the greatest common factor of 4255 and 1627963?
851
What is the highest common factor of 512379 and 3?
3
Calculate the highest common factor of 204181442 and 2162.
2162
Calculate the greatest common divisor of 32431 and 2457581.
287
What is the highest common divisor of 28684404 and 72114?
4242
What is the highest common factor of 245440 and 4966?
26
What is the highest common divisor of 41074105 and 893?
19
Calculate the greatest common divisor of 74 and 566900754.
74
Calculate the greatest common divisor of 454180 and 3700.
20
Calculate the greatest common divisor of 1848 and 12576333.
231
Calculate the highest common divisor of 2936896 and 15805.
109
Calculate the highest common divisor of 392 and 42354.
2
What is the highest common factor of 507 and 43151511?
39
Calculate the greatest common factor of 994954 and 26258.
38
What is the greatest common divisor of 12479670 and 336?
42
Calculate the highest common divisor of 897840 and 409680.
720
What is the highest common divisor of 10126 and 830454?
122
Calculate the greatest common divisor of 2393296 and 58378.
202
What is the greatest common divisor of 115020 and 2802060?
540
What is the greatest common divisor of 16456 and 7119277?
2057
Calculate the highest common factor of 954347 and 801.
89
What is the highest common divisor of 3962364 and 21156?
516
Calculate the greatest common divisor of 272150 and 97850.
50
What is the greatest common divisor of 94489518 and 6?
6
What is the highest common divisor of 714912 and 35664?
48
What is the highest common divisor of 5173710 and 568800?
2370
What is the highest common divisor of 5489835 and 767?
13
Calculate the greatest common factor of 30 and 73612920.
30
What is the greatest common factor of 67609 and 4675?
17
What is the highest common divisor of 2120 and 3055874?
106
Calculate the greatest common divisor of 1722 and 218016680.
574
Calculate the highest common factor of 3355 and 341764456.
671
What is the highest common factor of 36 and 14003896?
4
What is the greatest common factor of 18195133 and 242?
121
Calculate the highest common factor of 8718 and 8479708.
2906
What is the highest common factor of 4096 and 134912?
256
Calculate the highest common divisor of 1648 and 40354473.
103
What is the greatest common factor of 7330717 and 5?
1
Calculate the greatest common divisor of 14 and 23019302.
2
What is the highest common divisor of 8086 and 263737019?
4043
Calculate the highest common divisor of 460 and 37388660.
20
Calculate the highest common factor of 158487120 and 2430.
90
What is the greatest common factor of 667062 and 517506?
66
Calculate the highest common divisor of 872 and 1705087.
109
Calculate the greatest common factor of 201125710 and 4360.
1090
Calculate the highest common divisor of 2102135 and 10795.
85
What is the greatest common factor of 2076 and 4303784664?
2076
What is the greatest common factor of 713 and 3809745?
31
Calculate the highest common factor of 5344056 and 5832.
1944
What is the greatest common divisor of 30905 and 69545?
35
Calculate the greatest common factor of 9994782 and 3717.
21
What is the highest common divisor of 40313 and 13151341?
3101
Calculate the highest common divisor of 474 and 307846173.
237
Calculate the highest common divisor of 979 and 455870371.
979
What is the highest common factor of 93951 and 148482?
657
Calculate the greatest common divisor of 11084 and 31133.
163
Calculate the highest common factor of 83218341 and 141.
141
What is the highest common divisor of 32496887 and 26035?
5207
What is the greatest common divisor of 145606683 and 1020?
51
Calculate the highest common divisor of 8400 and 11478800.
400
What is the highest common divisor of 5487339 and 351?
39
Calculate the greatest common divisor of 37461 and 675.
3
Calculate the greatest common divisor of 41 and 20795897.
41
What is the highest common divisor of 783861515 and 10630?
5315
What is the highest common divisor of 11708141 and 29?
29
Calculate the highest common factor of 1410818586 and 876.
438
What is the highest common divisor of 711275141 and 29?
29
What is the greatest common divisor of 35035117 and 2314?
1157
What is the greatest common divisor of 8 and 19983140?
4
What is the greatest com